hat is the hundreds digit of 12942?
9
What is the tens digit of 4173?
7
What is the ten thousands digit of 16820?
1
What is the ten thousands digit of 14973?
1
What is the tens digit of 2152?
5
What is the thousands digit of 22075?
2
What is the units digit of 4110?
0
What is the hundreds digit of 987?
9
What is the tens digit of 9676?
7
What is the hundred thousands digit of 169986?
1
What is the hundreds digit of 1932?
9
What is the tens digit of 30116?
1
What is the hundreds digit of 455?
4
What is the units digit of 29654?
4
What is the units digit of 54834?
4
What is the thousands digit of 1282?
1
What is the hundreds digit of 2814?
8
What is the hundreds digit of 4457?
4
What is the hundreds digit of 4757?
7
What is the units digit of 49959?
9
What is the thousands digit of 1406?
1
What is the hundreds digit of 576?
5
What is the hundreds digit of 721?
7
What is the thousands digit of 15120?
5
What is the hundreds digit of 8081?
0
What is the tens digit of 330?
3
What is the hundreds digit of 3674?
6
What is the hundreds digit of 770?
7
What is the tens digit of 477?
7
What is the hundreds digit of 45874?
8
What is the tens digit of 1835?
3
What is the units digit of 432?
2
What is the units digit of 159?
9
What is the tens digit of 4674?
7
What is the hundreds digit of 1561?
5
What is the hundreds digit of 24972?
9
What is the units digit of 49702?
2
What is the units digit of 7168?
8
What is the tens digit of 31275?
7
What is the tens digit of 1655?
5
What is the thousands digit of 5081?
5
What is the hundreds digit of 29627?
6
What is the tens digit of 6111?
1
What is the units digit of 52?
2
What is the thousands digit of 1356?
1
What is the ten thousands digit of 10817?
1
What is the hundreds digit of 13471?
4
What is the tens digit of 670?
7
What is the units digit of 27377?
7
What is the thousands digit of 11964?
1
What is the hundreds digit of 944?
9
What is the units digit of 5098?
8
What is the units digit of 4920?
0
What is the units digit of 1071?
1
What is the hundreds digit of 31664?
6
What is the units digit of 2595?
5
What is the units digit of 3697?
7
What is the units digit of 501?
1
What is the thousands digit of 4721?
4
What is the thousands digit of 1000?
1
What is the tens digit of 3608?
0
What is the tens digit of 84?
8
What is the tens digit of 3375?
7
What is the ten thousands digit of 18329?
1
What is the ten thousands digit of 18491?
1
What is the thousands digit of 7380?
7
What is the thousands digit of 3133?
3
What is the units digit of 27148?
8
What is the tens digit of 16688?
8
What is the units digit of 930?
0
What is the units digit of 8307?
7
What is the thousands digit of 1042?
1
What is the hundreds digit of 968?
9
What is the hundreds digit of 18383?
3
What is the tens digit of 5019?
1
What is the hundreds digit of 14495?
4
What is the units digit of 39628?
8
What is the hundreds digit of 38998?
9
What is the units digit of 978?
8
What is the tens digit of 2747?
4
What is the hundreds digit of 6351?
3
What is the tens digit of 962?
6
What is the units digit of 8205?
5
What is the thousands digit of 1755?
1
What is the tens digit of 23120?
2
What is the thousands digit of 12758?
2
What is the tens digit of 382?
8
What is the units digit of 7220?
0
What is the hundreds digit of 1367?
3
What is the hundreds digit of 50592?
5
What is the units digit of 217?
7
What is the hundreds digit of 2547?
5
What is the units digit of 17830?
0
What is the units digit of 4822?
2
What is the tens digit of 955?
5
What is the units digit of 5258?
8
What is the thousands digit of 43219?
3
What is the ten thousands digit of 74111?
7
What is the hundreds digit of 1123?
1
What is the units digit of 5841?
1
What is the hundreds digit of 1636?
6
What is the hundreds digit of 13303?
3
What is the ten thousands digit of 40300?
4
What is the thousands digit of 30421?
0
What is the tens digit of 21205?
0
What is the tens digit of 16156?
5
What is the tens digit of 768?
6
What is the ten thousands digit of 49226?
4
What is the thousands digit of 2248?
2
What is the thousands digit of 63169?
3
What is the tens digit of 1768?
6
What is the hundreds digit of 29932?
9
What is the tens digit of 76943?
4
What is the hundreds digit of 20371?
3
What is the units digit of 45?
5
What is the tens digit of 1099?
9
What is the tens digit of 1525?
2
What is the tens digit of 546?
4
What is the tens digit of 829?
2
What is the tens digit of 259?
5
What is the hundreds digit of 55468?
4
What is the units digit of 102463?
3
What is the hundreds digit of 3226?
2
What is the tens digit of 1498?
9
What is the tens digit of 1444?
4
What is the units digit of 17754?
4
What is the thousands digit of 5654?
5
What is the ten thousands digit of 45342?
4
What is the units digit of 678?
8
What is the units digit of 139?
9
What is the units digit of 3239?
9
What is the hundreds digit of 13375?
3
What is the hundreds digit of 1531?
5
What is the tens digit of 1653?
5
What is the thousands digit of 45093?
5
What is the ten thousands digit of 28338?
2
What is the thousands digit of 66856?
6
What is the thousands digit of 56098?
6
What is the tens digit of 4354?
5
What is the ten thousands digit of 109545?
0
What is the tens digit of 10388?
8
What is the hundreds digit of 299?
2
What is the units digit of 322?
2
What is the tens digit of 165343?
4
What is the tens digit of 41544?
4
What is the tens digit of 173?
7
What is the ten thousands digit of 54754?
5
What is the thousands digit of 22556?
2
What is the hundreds digit of 636?
6
What is the hundreds digit of 610?
6
What is the thousands digit of 1796?
1
What is the tens digit of 3319?
1
What is the ten thousands digit of 18615?
1
What is the units digit of 1169?
9
What is the hundreds digit of 1766?
7
What is the tens digit of 1019?
1
What is the hundreds digit of 854?
8
What is the tens digit of 120465?
6
What is the hundreds digit of 17041?
0
What is the units digit of 126487?
7
What is the thousands digit of 18162?
8
What is the hundreds digit of 2806?
8
What is the hundreds digit of 1289?
2
What is the ten thousands digit of 17300?
1
What is the hundreds digit of 164?
1
What is the hundreds digit of 2373?
3
What is the tens digit of 22317?
1
What is the units digit of 111?
1
What is the hundreds digit of 63689?
6
What is the hundreds digit of 27105?
1
What is the ten thousands digit of 23496?
2
What is the thousands digit of 48246?
8
What is the units digit of 217?
7
What is the units digit of 9758?
8
What is the tens digit of 11516?
1
What is the hundreds digit of 207?
2
What is the hundreds digit of 2040?
0
What is the hundreds digit of 935?
9
What is the units digit of 824?
4
What is the tens digit of 12814?
1
What is the units digit of 979?
9
What is the tens digit of 93637?
3
What is the ten thousands digit of 11306?
1
What is the hundreds digit of 894?
8
What is the tens digit of 3522?
2
What is the thousands digit of 3103?
3
What is the units digit of 2211?
1
What is the tens digit of 551?
5
What is the ten thousands digit of 13871?
1
What is the units digit of 6929?
9
What is the hundreds digit of 22072?
0
What is the hundreds digit of 212?
2
What is the thousands digit of 3882?
3
What is the thousands digit of 57884?
7
What is the units digit of 7676?
6
What is the tens digit of 38329?
2
What is the ten thousands digit of 122766?
2
What is the tens digit of 422?
2
What is the hundreds digit of 1590?
5
What is the thousands digit of 1988?
1
What is the units digit of 84141?
1
What is the units digit of 690?
0
What is the tens digit of 3695?
9
What is the units digit of 4182?
2
What is the tens digit of 346?
4
What is the thousands digit of 28952?
8
What is the thousands digit of 8472?
8
What is the thousands digit of 14432?
4
What is the units digit of 54336?
6
What is the tens digit of 840?
4
What is the hundreds digit of 23846?
8
What is the units digit of 21259?
9
What is the thousands digit of 88005?
8
What is the units digit of 8773?
3
What is the tens digit of 3172?
7
What is the tens digit of 40779?
7
What is the hundreds digit of 1857?
8
What is the tens digit of 208926?
2
What is the tens digit of 94684?
8
What is the units digit of 27530?
0
What is the ten thousands digit of 13435?
1